 u?
7
Let t(y) = y + 19. Let a be t(-18). Suppose 2*h - a = 5*c - h, 2*c + 4 = 3*h. What is the units digit of c?
1
Suppose -2*z + 3*u - 11 + 72 = 0, 4*z = 5*u + 123. What is the tens digit of z?
3
Let v(o) = 27*o + 6. What is the tens digit of v(2)?
6
What is the tens digit of (-16)/(-4) - (-1 + -64)?
6
Let n = -10 + 11. Let b(d) = d + 1. Let j be b(-3). What is the units digit of 9/(1 - n/j)?
6
Suppose -2*q = -2*d - 2*d + 262, 3*d - 189 = 3*q. What is the tens digit of d?
6
Let t(f) = -46*f**3 + 1. Let m be t(1). Let c = m + 67. Suppose 4*s - 58 + c = 0. What is the units digit of s?
9
Suppose -1360 = -10*v + 1200. What is the tens digit of v?
5
Let i(p) = 0*p - 2 + p + 2 - 2. Let y be i(-2). Let l(c) = c**3 + 4*c**2 - 5*c - 4. What is the tens digit of l(y)?
1
Let i(g) = -g - 3*g - 7*g + 0*g. What is the tens digit of i(-2)?
2
Suppose 4 - 2 = -2*c, -m = 5*c. Suppose 3*q + 12 = j, -4*q = m*j - j - 32. What is the units digit of j?
9
Suppose -12 = -2*c - 2. Suppose c*m + 16 = 4*x, 3*x - 6 = x + 3*m. What is the units digit of x?
9
Let i(s) = s**3 + 6*s**2 + 3. Let v be i(-6). Suppose 4*f - 101 = -5. Suppose -4*o = -0*u + u - 8, f = v*u - 3*o. What is the units digit of u?
8
Let b(j) = 35*j - 49. What is the hundreds digit of b(13)?
4
Let f = -74 - -115. What is the tens digit of f?
4
Let g(v) = -v**3 + 5*v**2 - v + 6. Let z be g(5). Suppose -4*w + 3 = -z. What is the units digit of w?
1
What is the units digit of 2/(-1)*684/(-24)?
7
Suppose -61 = -2*h - y + 87, 148 = 2*h - 3*y. What is the units digit of h?
4
Let q = 5 + 45. What is the units digit of (-5)/(q/8)*-5?
4
Suppose 2*a + 2*a = 80. What is the units digit of a?
0
Suppose -b - 9 - 23 = 0. Let j = -9 - b. Suppose 8 = 2*i, 3*a - 4*a - i = -j. What is the units digit of a?
9
Suppose 38 = 5*v - 192. What is the units digit of v?
6
Let k be ((-3)/(-2))/(3/4). Let r = 0 + k. What is the units digit of r?
2
Let v(q) = -78*q + 1. Let u be v(1). Let d = 118 + u. Let j = d + -22. What is the units digit of j?
9
Let g(q) = -q**3 + 7*q**2 - 6*q + 5. What is the tens digit of g(4)?
2
Suppose -4*b - 5*z = -302, 4*b + 2*z - 304 = -2*z. What is the tens digit of b?
7
What is the tens digit of (-108)/(-21)*(-35)/(-10)?
1
Let o(x) = 2*x**2 + 6*x - 6. What is the tens digit of o(-7)?
5
Let i(s) = 2*s - 5. Let k(l) = l**2 - 6*l + 3. Let z be k(4). Let n = z + 12. What is the units digit of i(n)?
9
Let x = 71 - 18. What is the tens digit of x?
5
Let f be (-4 - -2)*(-1)/(-2). Let s(g) = -5*g**2 + g + 1. Let k be s(f). Let o = k + 9. What is the units digit of o?
4
Suppose 2*l - w - 2 = 9, 16 = -3*l - 5*w. What is the units digit of l?
3
Let b(l) = l**2 + 12*l + 10. Let m be b(-8). What is the units digit of m/(-4)*(-6 + 8)?
1
Let g(a) = -a**3 + 4*a**2 + 7*a + 2. Let f be g(5). Suppose 3*z + f = 5*o, o - 7 = 5*z - 3*o. What is the units digit of z?
1
Suppose -2*k - 2*m = 3*k - 1373, -2*k + 553 = -3*m. What is the units digit of k?
5
Let v be (-8)/(-28) - (-32)/(-14). What is the units digit of v/4*10/(-5)?
1
Let g = -2 + 2. Suppose g = -5*a + 2*q - 7, -a - 4*q - 15 = -q. Let f = a + 4. What is the units digit of f?
1
Let x(s) = s**2 - 4*s - 1. Let j be x(3). Let k be -3*(-2)/(j/6). Let r = 17 + k. What is the units digit of r?
8
Let q(l) = l**3 + l**2 + 2. Let m be q(0). Suppose -6 = -m*w + 4. Suppose -2*x = 2*o - x - 29, -5*o - w*x + 75 = 0. What is the units digit of o?
4
Suppose 5*v - 21 = 29. Suppose 18 = 4*d - f, d + 5*f = 5*d - v. What is the units digit of d?
5
Let q(a) = -11*a. Let m be q(-1). What is the units digit of (-2)/11 - (-90)/m?
8
Suppose 0 = 6*j - 3*j - 12. Suppose 4*t + j = -0*t. Let d(q) = -12*q. What is the units digit of d(t)?
2
What is the tens digit of 702/12*(-4)/(-3)?
7
Let f(c) = 2*c**2. What is the units digit of f(1)?
2
Let u be (1/2)/(4/8). Let d = u + 4. What is the units digit of (-6)/15 - (-52)/d?
0
Let c(k) be the third derivative of -k**5/60 - k**4/4 - 2*k**3/3 - 2*k**2. Let t be c(-6). What is the units digit of (-6)/t*(-6)/(-9)?
1
Let n(g) be the third derivative of -g**6/15 - g**5/60 + g**4/24 + g**3/6 + 6*g**2. What is the units digit of n(-1)?
7
Let g(n) = n**3 + 7*n**2 + 5*n - 4. Let r be g(-6). Suppose 2*b + r*b = 16. What is the units digit of b?
4
What is the units digit of (-1)/(-4) + 1230/40?
1
Suppose 4*m - 328 = 4*s, 5*s = 3*m + 85 - 341. What is the tens digit of m?
7
Let q = 3 + 0. What is the units digit of 8/12 + 10/q?
4
What is the tens digit of 40 + (12/(-3))/(-4)?
4
Let r(b) = b - 1 - 6*b + 7*b. What is the units digit of r(1)?
1
Let o = -8 - -13. Suppose 2*f - 41 + o = 0. What is the tens digit of f?
1
Let t(n) = 4*n - 2*n**2 + 6*n**2 - 7 - 3*n**2. Let s be t(-6). Suppose 2*q + p - 9 = 0, s*q - 3*p + 0*p = -5. What is the units digit of q?
2
Let s(l) = -l**3 + 9*l**2 - 10*l + 12. What is the units digit of s(5)?
2
Let z = -19 + 11. Let a(d) = -d**3 - 8*d**2 - 6*d + 3. Let j be a(z). Suppose 0 = 5*x - u - j, -2*x - 2*u + 52 = 2*x. What is the tens digit of x?
1
Let k(g) be the first derivative of g**6/120 + g**5/12 + g**4/6 + g**3 + g**2 + 2. Let w(f) be the second derivative of k(f). What is the units digit of w(-4)?
6
Let o(l) = l**3 + 8*l**2 + 9*l + 6. Let r be 1/(-5) - (-232)/(-40). What is the tens digit of o(r)?
2
Let o be (42/(-10))/((-2)/(-10)). Let f = o + 34. What is the tens digit of f?
1
Suppose 0 = -3*b - 5*o - 220, 5*b - o + 351 - 31 = 0. Let u = b + 38. Let f = -19 - u. What is the units digit of f?
8
Let p(a) be the second derivative of 3/2*a**2 - 2/3*a**4 + 1/20*a**5 - 3/2*a**3 + 4*a + 0. What is the units digit of p(9)?
3
Let k(s) be the third derivative of s**5/60 - s**4/24 - 7*s**3/6 - 7*s**2. What is the tens digit of k(6)?
2
Let w be ((-6)/(-4))/((-3)/(-8)). Suppose w*n - 3*n - 12 = 0. What is the tens digit of n?
1
Suppose -2*n + 29 - 1 = 0. What is the tens digit of n?
1
What is the hundreds digit of -2 - ((-1)/(-3) + (-1166)/6)?
1
Let y = 96 - 48. Suppose -4*o = -7*o + 3*q + y, o = 3*q + 24. What is the tens digit of o?
1
Let y = 2 - 1. Suppose -m + y + 21 = -z, m = 3*z + 12. What is the tens digit of m?
2
What is the tens digit of (62/(-4))/((-6)/12)?
3
Suppose -4*c + c + 9 = 0. Suppose -56 = -7*n + 2*n - 4*z, 5*n + c*z = 52. What is the units digit of n?
8
Let d be 313/7 + (-4)/(-14). Suppose d = 4*x + x. What is the units digit of x?
9
Suppose 0 = 4*v - 9*v - 40. Let r = -10 - v. What is the units digit of r/(-3 - 33/(-12))?
8
Suppose -5*g - 30 = -335. What is the units digit of g?
1
Let k(u) = 26*u - 7. Let g be k(8). Suppose -g = -5*r - 4*z, 4*r = z + 2*z + 136. What is the tens digit of r?
3
Let d(q) be the first derivative of -q**4/4 - 8*q**3/3 - q**2/2 + 1. Let n(a) = a**3 - 6*a + 1. Let r be n(-3). What is the units digit of d(r)?
8
Suppose 0 = 2*d + 6, 4*w - 2*d = d + 81. Suppose 15 + w = a. What is the tens digit of a?
3
Let i(t) = 12*t - t**3 - 4*t**2 - 4*t**2 + 0*t**3 - 8. Let b be i(-9). Let f = -20 - b. What is the units digit of f?
5
Let p(i) be the first derivative of -i**2/2 + 3*i - 2. Let r be p(-7). Let m = -6 + r. What is the units digit of m?
4
Suppose d = 12 + 37. What is the units digit of d?
9
What is the units digit of 0/(-9) - (-3 + -1)?
4
Let n = 51 - 28. Suppose 3*m - 25 = -5*k, 3*m - 5*k + 1 = 6. Suppose -m*o + 22 = -n. What is the units digit of o?
9
Let x(t) = t**3 + 6*t**2 + t + 5. Let q be x(-6). Let w be q/(-3)*18/2. Suppose -2*g + 4 = 3*o - 11, -5*g + w*o + 48 = 0. What is the units digit of g?
9
What is the units digit of 255/5 + (1 - -1)?
3
Let x(t) = 6*t**2 - t. Let z be x(1). Suppose 4*p + z = 17. What is the units digit of p?
3
Let x = 20 - 34. Let r = 10 + x. Let y = 3 - r. What is the units digit of y?
7
Let m(t) = t**3 - t**2 - 2*t. Let i be m(2). Let u = 6 + i. What is the units digit of u?
6
Let j(h) = -h**3 - h**2 - 13*h - 5. What is the hundreds digit of j(-6)?
2
What is the units digit of (-9 - -6)/(-1 - (-8)/9)?
7
Let o(p) = 5*p**2 + 8*p - 10. Let s(c) = 11*c**2 + 16*c - 21. Let f(m) = -9*o(m) + 4*s(m). Let a be f(-8). Let w = a + 11. What is the units digit of w?
7
What is the tens digit of 323 + 3/6*-3*2?
2
Suppose -3 = -2*r + 17. Let k = r - -7. What is the units digit of k?
7
Let t(y) = -y**2 + y - 10. Let i be t(0). Let v = -7 - i. Suppose 5*p = -0*p + 3*c + 16, -v*c 